{"id":8889,"date":"2014-07-08T14:56:42","date_gmt":"2014-07-08T06:56:42","guid":{"rendered":"http:\/\/rainfinechina.demo.94500.com\/?page_id=8889"},"modified":"2015-12-30T14:20:43","modified_gmt":"2015-12-30T06:20:43","slug":"grp-pipe","status":"publish","type":"page","link":"https:\/\/www.rainfinealgeria.com\/?page_id=8889","title":{"rendered":"TUYAU GRP"},"content":{"rendered":"[vc_row][vc_column width=&#8221;1\/1&#8243;][mk_image src=&#8221;http:\/\/www.rainfinealgeria.com\/wp-content\/uploads\/2014\/07\/pipe4.jpg&#8221; image_width=&#8221;800&#8243; image_height=&#8221;295&#8243; crop=&#8221;true&#8221; lightbox=&#8221;false&#8221; frame_style=&#8221;simple&#8221; target=&#8221;_self&#8221; caption_location=&#8221;inside-image&#8221; align=&#8221;left&#8221; margin_bottom=&#8221;10&#8243;][vc_row_inner][vc_column_inner width=&#8221;1\/2&#8243;][mk_circle_image src=&#8221;http:\/\/www.rainfinealgeria.com\/wp-content\/uploads\/2014\/07\/CIRCLE11.jpg&#8221; image_diameter=&#8221;200&#8243;][\/vc_column_inner][vc_column_inner width=&#8221;1\/4&#8243;][vc_column_text disable_pattern=&#8221;true&#8221; align=&#8221;left&#8221; margin_bottom=&#8221;0&#8243;]Pourquoi la tuyauterie est en fibre de verre?<\/p>\n<p>Anticorrosion Sup\u00e9rieur<br \/>\nR\u00e9sistance aux chocs<br \/>\nLongue dur\u00e9e de service<br \/>\nPoids l\u00e9ger<br \/>\nInstallation rapide et facile<br \/>\nInstallation \u00e0 Co\u00fbt Basse<br \/>\nRentable[\/vc_column_text][\/vc_column_inner][vc_column_inner width=&#8221;1\/4&#8243;]\n[\/vc_column_inner][\/vc_row_inner][vc_row_inner][vc_column_inner width=&#8221;1\/3&#8243;][mk_image src=&#8221;http:\/\/www.rainfinealgeria.com\/wp-content\/uploads\/2014\/07\/1171.jpg&#8221; image_width=&#8221;300&#8243; image_height=&#8221;297&#8243; crop=&#8221;true&#8221; lightbox=&#8221;false&#8221; frame_style=&#8221;simple&#8221; target=&#8221;_self&#8221; caption_location=&#8221;inside-image&#8221; align=&#8221;center&#8221; margin_bottom=&#8221;10&#8243;][\/vc_column_inner][vc_column_inner width=&#8221;1\/3&#8243;][mk_image src=&#8221;http:\/\/www.rainfinealgeria.com\/wp-content\/uploads\/2014\/07\/2121.jpg&#8221; image_width=&#8221;300&#8243; image_height=&#8221;300&#8243; crop=&#8221;true&#8221; lightbox=&#8221;false&#8221; frame_style=&#8221;simple&#8221; target=&#8221;_self&#8221; caption_location=&#8221;inside-image&#8221; align=&#8221;center&#8221; margin_bottom=&#8221;10&#8243;][\/vc_column_inner][vc_column_inner width=&#8221;1\/3&#8243;][vc_column_text disable_pattern=&#8221;true&#8221; align=&#8221;left&#8221; margin_bottom=&#8221;0&#8243;]Avantages de tuyauterie en fibre de verre<br \/>\n\u2022R\u00e9sistant aux temp\u00e9ratures froides jusqu&#8217;\u00e0 -75 \u00b0 F.<br \/>\n\u2022 ID grand compar\u00e9 au m\u00e9tallique et au PVC<br \/>\n\u2022 lisse ID (Hazen Williams C-150)<br \/>\n\u2022 co\u00fbts du cycle de vie inf\u00e9rieur \u00e0 celui en acier<br \/>\n\u2022 L\u00e9ger (1\/10 poids de l&#8217;acier)<br \/>\n\u2022 8 &#8220;@ 40 &#8216;en fibre de verre = 128 lbs \/<br \/>\n\u2022 8 &#8220;Sch. 40 acier @ 40 &#8216;= 1,144 \/ lb<br \/>\n\u2022 charges moins durable sur n\u2019importe quelle structure<br \/>\n\u2022 IPS (de OD) peut utiliser des cintres et des supports de tuyauterie standards<br \/>\n\u2022 Des co\u00fbts de main-d&#8217;\u0153uvre et l&#8217;installation minimes[\/vc_column_text][\/vc_column_inner][\/vc_row_inner][vc_row_inner][vc_column_inner width=&#8221;1\/3&#8243;][mk_image src=&#8221;http:\/\/www.rainfinealgeria.com\/wp-content\/uploads\/2014\/07\/3121.jpg&#8221; image_width=&#8221;300&#8243; image_height=&#8221;300&#8243; crop=&#8221;true&#8221; lightbox=&#8221;false&#8221; frame_style=&#8221;simple&#8221; target=&#8221;_self&#8221; caption_location=&#8221;inside-image&#8221; align=&#8221;center&#8221; margin_bottom=&#8221;10&#8243;][\/vc_column_inner][vc_column_inner width=&#8221;1\/3&#8243;][mk_image src=&#8221;http:\/\/www.rainfinealgeria.com\/wp-content\/uploads\/2014\/07\/steel1.jpg&#8221; image_width=&#8221;300&#8243; image_height=&#8221;300&#8243; crop=&#8221;true&#8221; lightbox=&#8221;false&#8221; frame_style=&#8221;simple&#8221; target=&#8221;_self&#8221; caption_location=&#8221;inside-image&#8221; align=&#8221;center&#8221; margin_bottom=&#8221;10&#8243;][\/vc_column_inner][vc_column_inner width=&#8221;1\/3&#8243;][vc_column_text disable_pattern=&#8221;true&#8221; align=&#8221;left&#8221; margin_bottom=&#8221;0&#8243;]FRP par rapport \u00e0 l\u2019acier<br \/>\n\u2022Excellentes propri\u00e9t\u00e9s d&#8217;\u00e9coulement<br \/>\n\u2022 Aucun des inhibiteurs de corrosion ou de produits chimiques co\u00fbteux \u00a0 \u00a0n\u2019est requis<br \/>\n\u2022 L\u00e9ger:<br \/>\n\u2022 Facile \u00e0 installer<br \/>\n\u2022 des co\u00fbts de fret minimes<br \/>\n\u2022 Aucune protection cathodique n\u2019est n\u00e9cessaire<br \/>\n\u2022 R\u00e9duction des co\u00fbts de maintenance<br \/>\n\u2022 Grande vari\u00e9t\u00e9 de raccords d&#8217;extr\u00e9mit\u00e9<br \/>\n\u2022 co\u00fbts d&#8217;installation r\u00e9duits<br \/>\n\u2022 Excellents co\u00fbts de dur\u00e9e du cycle[\/vc_column_text][\/vc_column_inner][\/vc_row_inner][mk_fancy_title tag_name=&#8221;h2&#8243; style=&#8221;true&#8221; color=&#8221;#393836&#8243; size=&#8221;14&#8243; font_weight=&#8221;inherit&#8221; margin_top=&#8221;0&#8243; margin_bottom=&#8221;18&#8243; font_family=&#8221;none&#8221; align=&#8221;left&#8221; font_style=&#8221;inhert&#8221; letter_spacing=&#8221;0&#8243;]\n<p>T\u00e9l\u00e9charger<\/p>\n[\/mk_fancy_title][vc_row_inner][vc_column_inner width=&#8221;1\/2&#8243;][mk_image image_width=&#8221;100&#8243; image_height=&#8221;99&#8243; crop=&#8221;true&#8221; lightbox=&#8221;false&#8221; frame_style=&#8221;simple&#8221; target=&#8221;_blank&#8221; caption_location=&#8221;inside-image&#8221; align=&#8221;center&#8221; margin_bottom=&#8221;10&#8243; src=&#8221;http:\/\/www.rainfinealgeria.com\/wp-content\/uploads\/2014\/07\/pipe22.jpg&#8221;][mk_button dimension=&#8221;flat&#8221; size=&#8221;small&#8221; outline_skin=&#8221;dark&#8221; outline_active_color=&#8221;#ffffff&#8221; outline_hover_color=&#8221;#333333&#8243; bg_color=&#8221;#c10000&#8243; text_color=&#8221;light&#8221; target=&#8221;_blank&#8221; align=&#8221;center&#8221; fullwidth=&#8221;false&#8221; margin_top=&#8221;0&#8243; margin_bottom=&#8221;15&#8243; url=&#8221;\/pdf\/technology\/pipe\/pipe safety design .pdf&#8221; corner_style=&#8221;pointed&#8221; btn_hover_bg=&#8221;#252525&#8243; icon_anim=&#8221;none&#8221; button_custom_width=&#8221;0&#8243;]\n<p>Conception de la s\u00e9curit\u00e9 Pipe<\/p>\n[\/mk_button][\/vc_column_inner][vc_column_inner width=&#8221;1\/2&#8243;]\n[\/vc_column_inner][\/vc_row_inner][\/vc_column][\/vc_row]\n","protected":false},"excerpt":{"rendered":"<p>[vc_row][vc_column width=&#8221;1\/1&#8243;][mk_image sr [&hellip;]<\/p>\n","protected":false},"author":1,"featured_media":0,"parent":8226,"menu_order":0,"comment_status":"open","ping_status":"open","template":"","meta":[],"yoast_head":"<!-- This site is optimized with the Yoast SEO plugin v19.1 - https:\/\/yoast.com\/wordpress\/plugins\/seo\/ -->\n<title>TUYAU GRP - Syst\u00e8mes d\u2019irrigation Rainfine Pivot Central<\/title>\n<meta name=\"robots\" content=\"index, follow, max-snippet:-1, max-image-preview:large, max-video-preview:-1\" \/>\n<link rel=\"canonical\" href=\"https:\/\/www.rainfinealgeria.com\/?page_id=8889\" \/>\n<meta property=\"og:locale\" content=\"zh_CN\" \/>\n<meta property=\"og:type\" content=\"article\" \/>\n<meta property=\"og:title\" content=\"TUYAU GRP - Syst\u00e8mes d\u2019irrigation Rainfine Pivot Central\" \/>\n<meta property=\"og:description\" content=\"[vc_row][vc_column width=&#8221;1\/1&#8243;][mk_image sr [&hellip;]\" \/>\n<meta property=\"og:url\" content=\"https:\/\/www.rainfinealgeria.com\/?page_id=8889\" \/>\n<meta property=\"og:site_name\" content=\"Syst\u00e8mes d\u2019irrigation Rainfine Pivot Central\" \/>\n<meta property=\"article:publisher\" content=\"https:\/\/www.facebook.com\/profile.php?id=100010612685372\" \/>\n<meta property=\"article:modified_time\" content=\"2015-12-30T06:20:43+00:00\" \/>\n<meta name=\"twitter:card\" content=\"summary_large_image\" \/>\n<meta name=\"twitter:site\" content=\"@rainfineirriga1\" \/>\n<meta name=\"twitter:label1\" content=\"\u9884\u8ba1\u9605\u8bfb\u65f6\u95f4\" \/>\n\t<meta name=\"twitter:data1\" content=\"3\u5206\" \/>\n<script type=\"application\/ld+json\" class=\"yoast-schema-graph\">{\"@context\":\"https:\/\/schema.org\",\"@graph\":[{\"@type\":\"Organization\",\"@id\":\"https:\/\/www.rainfinealgeria.com\/#organization\",\"name\":\"Rainfine (Dalian)Irrigation Co.,Ltd\",\"url\":\"https:\/\/www.rainfinealgeria.com\/\",\"sameAs\":[\"https:\/\/www.facebook.com\/profile.php?id=100010612685372\",\"https:\/\/twitter.com\/rainfineirriga1\"],\"logo\":{\"@type\":\"ImageObject\",\"inLanguage\":\"zh-CN\",\"@id\":\"https:\/\/www.rainfinealgeria.com\/#\/schema\/logo\/image\/\",\"url\":\"https:\/\/www.rainfinealgeria.com\/wp-content\/uploads\/2022\/07\/RAINFINE-LOGO.jpg\",\"contentUrl\":\"https:\/\/www.rainfinealgeria.com\/wp-content\/uploads\/2022\/07\/RAINFINE-LOGO.jpg\",\"width\":1542,\"height\":437,\"caption\":\"Rainfine (Dalian)Irrigation Co.,Ltd\"},\"image\":{\"@id\":\"https:\/\/www.rainfinealgeria.com\/#\/schema\/logo\/image\/\"}},{\"@type\":\"WebSite\",\"@id\":\"https:\/\/www.rainfinealgeria.com\/#website\",\"url\":\"https:\/\/www.rainfinealgeria.com\/\",\"name\":\"Syst\u00e8mes d\u2019irrigation Rainfine Pivot Central\",\"description\":\"Pivot Central\",\"publisher\":{\"@id\":\"https:\/\/www.rainfinealgeria.com\/#organization\"},\"potentialAction\":[{\"@type\":\"SearchAction\",\"target\":{\"@type\":\"EntryPoint\",\"urlTemplate\":\"https:\/\/www.rainfinealgeria.com\/?s={search_term_string}\"},\"query-input\":\"required name=search_term_string\"}],\"inLanguage\":\"zh-CN\"},{\"@type\":\"WebPage\",\"@id\":\"https:\/\/www.rainfinealgeria.com\/?page_id=8889#webpage\",\"url\":\"https:\/\/www.rainfinealgeria.com\/?page_id=8889\",\"name\":\"TUYAU GRP - Syst\u00e8mes d\u2019irrigation Rainfine Pivot Central\",\"isPartOf\":{\"@id\":\"https:\/\/www.rainfinealgeria.com\/#website\"},\"datePublished\":\"2014-07-08T06:56:42+00:00\",\"dateModified\":\"2015-12-30T06:20:43+00:00\",\"breadcrumb\":{\"@id\":\"https:\/\/www.rainfinealgeria.com\/?page_id=8889#breadcrumb\"},\"inLanguage\":\"zh-CN\",\"potentialAction\":[{\"@type\":\"ReadAction\",\"target\":[\"https:\/\/www.rainfinealgeria.com\/?page_id=8889\"]}]},{\"@type\":\"BreadcrumbList\",\"@id\":\"https:\/\/www.rainfinealgeria.com\/?page_id=8889#breadcrumb\",\"itemListElement\":[{\"@type\":\"ListItem\",\"position\":1,\"name\":\"\u9996\u9875\",\"item\":\"https:\/\/www.rainfinealgeria.com\/\"},{\"@type\":\"ListItem\",\"position\":2,\"name\":\"PRODUCTS\",\"item\":\"https:\/\/www.rainfinealgeria.com\/?page_id=8222\"},{\"@type\":\"ListItem\",\"position\":3,\"name\":\"PIPE\",\"item\":\"https:\/\/www.rainfinealgeria.com\/?page_id=8226\"},{\"@type\":\"ListItem\",\"position\":4,\"name\":\"TUYAU GRP\"}]}]}<\/script>\n<!-- \/ Yoast SEO plugin. -->","yoast_head_json":{"title":"TUYAU GRP - Syst\u00e8mes d\u2019irrigation Rainfine Pivot Central","robots":{"index":"index","follow":"follow","max-snippet":"max-snippet:-1","max-image-preview":"max-image-preview:large","max-video-preview":"max-video-preview:-1"},"canonical":"https:\/\/www.rainfinealgeria.com\/?page_id=8889","og_locale":"zh_CN","og_type":"article","og_title":"TUYAU GRP - Syst\u00e8mes d\u2019irrigation Rainfine Pivot Central","og_description":"[vc_row][vc_column width=&#8221;1\/1&#8243;][mk_image sr [&hellip;]","og_url":"https:\/\/www.rainfinealgeria.com\/?page_id=8889","og_site_name":"Syst\u00e8mes d\u2019irrigation Rainfine Pivot Central","article_publisher":"https:\/\/www.facebook.com\/profile.php?id=100010612685372","article_modified_time":"2015-12-30T06:20:43+00:00","twitter_card":"summary_large_image","twitter_site":"@rainfineirriga1","twitter_misc":{"\u9884\u8ba1\u9605\u8bfb\u65f6\u95f4":"3\u5206"},"schema":{"@context":"https:\/\/schema.org","@graph":[{"@type":"Organization","@id":"https:\/\/www.rainfinealgeria.com\/#organization","name":"Rainfine (Dalian)Irrigation Co.,Ltd","url":"https:\/\/www.rainfinealgeria.com\/","sameAs":["https:\/\/www.facebook.com\/profile.php?id=100010612685372","https:\/\/twitter.com\/rainfineirriga1"],"logo":{"@type":"ImageObject","inLanguage":"zh-CN","@id":"https:\/\/www.rainfinealgeria.com\/#\/schema\/logo\/image\/","url":"https:\/\/www.rainfinealgeria.com\/wp-content\/uploads\/2022\/07\/RAINFINE-LOGO.jpg","contentUrl":"https:\/\/www.rainfinealgeria.com\/wp-content\/uploads\/2022\/07\/RAINFINE-LOGO.jpg","width":1542,"height":437,"caption":"Rainfine (Dalian)Irrigation Co.,Ltd"},"image":{"@id":"https:\/\/www.rainfinealgeria.com\/#\/schema\/logo\/image\/"}},{"@type":"WebSite","@id":"https:\/\/www.rainfinealgeria.com\/#website","url":"https:\/\/www.rainfinealgeria.com\/","name":"Syst\u00e8mes d\u2019irrigation Rainfine Pivot Central","description":"Pivot Central","publisher":{"@id":"https:\/\/www.rainfinealgeria.com\/#organization"},"potentialAction":[{"@type":"SearchAction","target":{"@type":"EntryPoint","urlTemplate":"https:\/\/www.rainfinealgeria.com\/?s={search_term_string}"},"query-input":"required name=search_term_string"}],"inLanguage":"zh-CN"},{"@type":"WebPage","@id":"https:\/\/www.rainfinealgeria.com\/?page_id=8889#webpage","url":"https:\/\/www.rainfinealgeria.com\/?page_id=8889","name":"TUYAU GRP - Syst\u00e8mes d\u2019irrigation Rainfine Pivot Central","isPartOf":{"@id":"https:\/\/www.rainfinealgeria.com\/#website"},"datePublished":"2014-07-08T06:56:42+00:00","dateModified":"2015-12-30T06:20:43+00:00","breadcrumb":{"@id":"https:\/\/www.rainfinealgeria.com\/?page_id=8889#breadcrumb"},"inLanguage":"zh-CN","potentialAction":[{"@type":"ReadAction","target":["https:\/\/www.rainfinealgeria.com\/?page_id=8889"]}]},{"@type":"BreadcrumbList","@id":"https:\/\/www.rainfinealgeria.com\/?page_id=8889#breadcrumb","itemListElement":[{"@type":"ListItem","position":1,"name":"\u9996\u9875","item":"https:\/\/www.rainfinealgeria.com\/"},{"@type":"ListItem","position":2,"name":"PRODUCTS","item":"https:\/\/www.rainfinealgeria.com\/?page_id=8222"},{"@type":"ListItem","position":3,"name":"PIPE","item":"https:\/\/www.rainfinealgeria.com\/?page_id=8226"},{"@type":"ListItem","position":4,"name":"TUYAU GRP"}]}]}},"_links":{"self":[{"href":"https:\/\/www.rainfinealgeria.com\/index.php?rest_route=\/wp\/v2\/pages\/8889"}],"collection":[{"href":"https:\/\/www.rainfinealgeria.com\/index.php?rest_route=\/wp\/v2\/pages"}],"about":[{"href":"https:\/\/www.rainfinealgeria.com\/index.php?rest_route=\/wp\/v2\/types\/page"}],"author":[{"embeddable":true,"href":"https:\/\/www.rainfinealgeria.com\/index.php?rest_route=\/wp\/v2\/users\/1"}],"replies":[{"embeddable":true,"href":"https:\/\/www.rainfinealgeria.com\/index.php?rest_route=%2Fwp%2Fv2%2Fcomments&post=8889"}],"version-history":[{"count":5,"href":"https:\/\/www.rainfinealgeria.com\/index.php?rest_route=\/wp\/v2\/pages\/8889\/revisions"}],"predecessor-version":[{"id":11558,"href":"https:\/\/www.rainfinealgeria.com\/index.php?rest_route=\/wp\/v2\/pages\/8889\/revisions\/11558"}],"up":[{"embeddable":true,"href":"https:\/\/www.rainfinealgeria.com\/index.php?rest_route=\/wp\/v2\/pages\/8226"}],"wp:attachment":[{"href":"https:\/\/www.rainfinealgeria.com\/index.php?rest_route=%2Fwp%2Fv2%2Fmedia&parent=8889"}],"curies":[{"name":"wp","href":"https:\/\/api.w.org\/{rel}","templated":true}]}}